10 and 8155760?
10
Calculate the greatest common factor of 8703797 and 39197.
2063
What is the greatest common factor of 89587472 and 208?
208
Calculate the greatest common factor of 1418 and 27105779.
709
What is the highest common factor of 8148 and 152352?
12
What is the highest common divisor of 2515 and 436633677?
503
Calculate the greatest common factor of 18341708 and 50468.
1364
Calculate the highest common divisor of 462 and 6524718.
6
What is the greatest common factor of 1842390 and 1250?
10
Calculate the highest common divisor of 1182389 and 1976.
247
Calculate the greatest common divisor of 165017 and 47.
47
What is the greatest common factor of 74911 and 2921?
23
What is the highest common factor of 38 and 525351824?
38
What is the highest common divisor of 758 and 87374281?
379
Calculate the highest common factor of 101937 and 1003925.
3089
Calculate the greatest common factor of 84080700 and 684.
684
Calculate the highest common divisor of 1203726 and 950.
38
What is the greatest common factor of 20 and 552130020?
20
What is the highest common factor of 458311 and 347403?
1631
Calculate the greatest common divisor of 47235237 and 597.
597
Calculate the highest common factor of 4861284 and 377508.
2316
What is the greatest common factor of 3549 and 964215980?
1183
Calculate the highest common factor of 2 and 57818968.
2
What is the greatest common factor of 615501 and 9?
9
Calculate the highest common divisor of 369904 and 22448.
976
Calculate the highest common factor of 17184 and 34431366.
1074
What is the highest common divisor of 592936244 and 401?
401
Calculate the highest common divisor of 1311240 and 14112.
1176
Calculate the greatest common divisor of 1061690 and 30.
10
Calculate the highest common factor of 496879 and 50184.
41
Calculate the greatest common divisor of 4052 and 29005229.
1013
What is the greatest common divisor of 49155092 and 148?
148
Calculate the highest common factor of 94 and 86386.
94
What is the greatest common divisor of 71616550 and 37350?
4150
Calculate the greatest common divisor of 19845 and 33742170.
2835
What is the highest common factor of 2616 and 169623?
3
What is the highest common factor of 338752 and 73432?
536
What is the greatest common factor of 318 and 110826021?
159
What is the greatest common divisor of 121662 and 35694?
54
Calculate the highest common factor of 352 and 6345812.
44
Calculate the greatest common divisor of 6846000 and 64.
16
What is the greatest common divisor of 121 and 67719707?
121
What is the highest common factor of 1642041 and 30573?
387
Calculate the greatest common factor of 190328681 and 38.
19
Calculate the highest common divisor of 850694842 and 730.
146
Calculate the highest common divisor of 265 and 175496992.
53
Calculate the greatest common factor of 12544596 and 68.
4
What is the greatest common divisor of 143 and 22766139?
11
Calculate the highest common divisor of 2152 and 74680856.
2152
Calculate the highest common factor of 31234 and 124494262.
4462
What is the greatest common divisor of 17214 and 129504?
114
Calculate the highest common factor of 3160365 and 18031.
247
What is the greatest common factor of 31368 and 15516?
12
Calculate the greatest common factor of 7444 and 9076.
4
What is the highest common divisor of 16747035 and 180?
15
What is the greatest common divisor of 21322 and 7435286?
3046
What is the greatest common divisor of 275 and 299396025?
25
Calculate the greatest common factor of 18678 and 210.
6
Calculate the greatest common factor of 250676534 and 926.
926
What is the greatest common divisor of 34685 and 78505?
35
Calculate the highest common divisor of 56847312 and 112.
16
Calculate the greatest common divisor of 108353200 and 413453.
14257
What is the highest common divisor of 64242174 and 138?
138
Calculate the highest common divisor of 3380185 and 625.
5
Calculate the greatest common divisor of 978918 and 300.
6
What is the highest common divisor of 1003 and 22508?
17
Calculate the highest common factor of 5285 and 11689363.
1057
What is the greatest common factor of 37486780 and 23?
23
Calculate the highest common factor of 1719 and 49526109.
1719
What is the highest common divisor of 230764 and 2201?
31
Calculate the greatest common divisor of 2230916 and 32.
4
What is the greatest common factor of 2659226 and 47011?
887
Calculate the greatest common factor of 391587 and 48111.
609
What is the greatest common factor of 129458903 and 1099?
1099
Calculate the highest common divisor of 32344 and 36382024.
2488
Calculate the greatest common factor of 649475 and 95533.
83
Calculate the greatest common factor of 203125 and 17030.
65
What is the highest common divisor of 359193 and 86853?
51
Calculate the greatest common factor of 42 and 24552408.
6
Calculate the greatest common factor of 717 and 133688713.
239
What is the highest common divisor of 657544 and 13224?
8
What is the highest common divisor of 208962 and 430768?
494
What is the highest common factor of 608077 and 88637?
151
Calculate the highest common factor of 578011 and 82999.
497
Calculate the highest common divisor of 35145 and 29824047.
7029
What is the highest common divisor of 15350 and 734200?
50
Calculate the highest common factor of 1017 and 104877.
9
Calculate the highest common factor of 32283 and 14723649.
153
Calculate the highest common factor of 138376 and 80391514.
4942
Calculate the highest common divisor of 96300 and 189090.
90
Calculate the greatest common factor of 4338676 and 36.
4
Calculate the greatest common divisor of 2885 and 66869107.
577
Calculate the greatest common factor of 202047173 and 2113.
2113
Calculate the greatest common factor of 75792379 and 195.
13
What is the greatest common divisor of 155030 and 1680190?
4190
Calculate the highest common divisor of 3600 and 109575.
225
What is the highest common factor of 249391 and 1714839?
2207
Calculate the greatest common factor of 12211398 and 1419.
129
Calculate the highest common factor of 4051546 and 516.
86
What is the highest common divisor of 12699 and 211223878?
1411
Calculate the greatest common factor of 17261948 and 1639.
1639
What is the highest common divisor of 2495864 and 700?
28
Calculate the highest common factor of 13477077 and 621.
27
Calculate the greatest common divisor of 57985554 and 11682.
3894
Calculate the greatest common divisor of 157 and 92173287.
157
Calculate the greatest common divisor of 697248 and 39274.
538
Calculate the highest common divisor of 156 and 80099851.
13
Calculate the greatest common divisor of 259 and 511441.
7
What is the highest common divisor of 49 and 3337013?
1
Calculate the highest common divisor of 4772032 and 7612.
692
Calculate the highest common factor of 688976 and 278928.
2384
Calculate the highest common divisor of 3886 and 86162.
134
Calculate the highest common divisor of 14891450 and 36050.
350
Calculate the highest common divisor of 222733 and 168139720.
4739
What is the greatest common factor of 435 and 3492915?
15
Calculate the greatest common divisor of 133 and 203467523.
133
Calculate the highest common factor of 10726352 and 208.
208
What is the greatest common divisor of 1722 and 33567356?
82
What is the greatest common factor of 145250861 and 413?
413
What is the highest common divisor of 34084611 and 726?
363
Calculate the greatest common divisor of 1351250 and 874.
46
Calculate the greatest common factor of 14685528 and 84216.
2904
What is the greatest common factor of 689 and 549875?
53
What is the highest common divisor of 990600 and 6552?
312
Calculate the highest common divisor of 590993 and 20371.
13
What is the greatest common divisor of 135432 and 59971296?
5016
Calculate the highest common divisor of 22877040 and 15.
15
Calculate the highest common divisor of 248 and 126268952.
248
Calculate the greatest common divisor of 294 and 29657796.
42
Calculate the highest common divisor of 1769 and 2069675161.
1769
What is the highest common factor of 117410 and 11239122?
398
Calculate the greatest common divisor of 655 and 13780283.
131
Calculate the highest common divisor of 3585 and 563415.
15
Calculate the greatest common factor of 5701860219 and 33.
33
Calculate the highest common divisor of 88